 of 12122905 and 4155.
1385
What is the greatest common factor of 30867 and 243057047?
10289
Calculate the highest common factor of 12486428 and 3434.
202
What is the greatest common factor of 22912 and 16384?
128
Calculate the highest common divisor of 4446 and 24679252.
494
Calculate the highest common factor of 48873 and 8646.
33
Calculate the greatest common factor of 6445 and 39117283.
1289
What is the highest common divisor of 672 and 10982048?
224
What is the highest common divisor of 1664 and 9696976?
16
Calculate the highest common divisor of 1131 and 2949258.
39
What is the greatest common divisor of 68768 and 229696?
32
Calculate the highest common divisor of 682755 and 1909.
23
What is the highest common factor of 2597078993 and 11909?
11909
What is the highest common divisor of 6282772 and 24863?
1081
What is the highest common divisor of 9842 and 11494938?
518
Calculate the greatest common divisor of 63089 and 478147.
23
What is the highest common factor of 18592108 and 228?
76
What is the highest common factor of 3112723 and 40384?
631
Calculate the highest common divisor of 516 and 31347.
129
What is the highest common factor of 125524 and 10724?
28
Calculate the greatest common divisor of 68654425 and 2553.
851
Calculate the highest common factor of 60124584 and 5136.
2568
What is the greatest common divisor of 4254606 and 972?
162
Calculate the highest common divisor of 2322 and 234578244.
258
Calculate the highest common factor of 83040 and 491493.
519
Calculate the highest common factor of 995 and 39335.
5
Calculate the greatest common factor of 13045402 and 2474.
2474
What is the highest common divisor of 2335 and 74520591?
467
What is the greatest common factor of 27288005 and 23?
23
What is the greatest common divisor of 8835 and 5814475?
95
Calculate the highest common factor of 15217750 and 754.
58
What is the highest common divisor of 23374 and 212164?
1798
What is the highest common factor of 42524603 and 4081?
583
Calculate the greatest common factor of 27764 and 103268.
44
What is the greatest common factor of 5264850 and 2?
2
What is the highest common divisor of 46578 and 6062?
14
Calculate the greatest common factor of 105124425 and 3675.
525
Calculate the greatest common divisor of 4367 and 11635276.
397
What is the greatest common factor of 35 and 81501395?
5
Calculate the highest common divisor of 192897 and 63.
9
Calculate the highest common divisor of 64 and 365758032.
16
What is the highest common factor of 42 and 59262096?
6
What is the greatest common factor of 3036 and 20724?
132
Calculate the greatest common factor of 553613470 and 30.
10
What is the greatest common factor of 668 and 44102696?
668
What is the greatest common factor of 1728 and 43172568?
216
Calculate the greatest common divisor of 4777 and 588710.
17
What is the greatest common factor of 702931 and 2349?
29
Calculate the highest common divisor of 196 and 2552732.
28
What is the greatest common factor of 6375613 and 157?
157
What is the greatest common divisor of 448136 and 88404?
556
Calculate the greatest common divisor of 660 and 80317270.
110
Calculate the highest common factor of 67284474 and 3884.
1942
What is the greatest common divisor of 626 and 152246?
2
Calculate the greatest common divisor of 36833020 and 38430.
4270
What is the greatest common divisor of 11692 and 69213717?
2923
Calculate the highest common divisor of 255 and 39296955.
15
Calculate the highest common factor of 905185 and 1635390.
3365
What is the greatest common factor of 168775 and 3020750?
1075
What is the greatest common factor of 960020 and 16790?
230
Calculate the highest common divisor of 1629 and 22001093.
181
What is the greatest common factor of 3599270 and 77510?
230
What is the highest common divisor of 9563028 and 36204?
5172
What is the highest common divisor of 180670470 and 3374?
482
What is the highest common divisor of 448 and 12205408?
32
What is the highest common factor of 27654 and 15378?
66
Calculate the greatest common factor of 877269 and 8184.
93
What is the highest common factor of 10701 and 42296877?
261
Calculate the greatest common factor of 188668376 and 208.
104
Calculate the highest common divisor of 22882500 and 1215.
405
Calculate the highest common factor of 786853501 and 62.
31
What is the greatest common divisor of 8486493 and 2681437?
5669
Calculate the greatest common divisor of 163925 and 296725.
2075
What is the highest common factor of 21392810 and 1010?
1010
Calculate the highest common factor of 67128745 and 5.
5
Calculate the highest common factor of 381 and 374570371.
127
What is the greatest common divisor of 34777 and 2490?
83
Calculate the highest common factor of 35861 and 4033.
109
Calculate the greatest common divisor of 41223 and 1363089.
273
Calculate the greatest common factor of 9978474 and 924.
66
Calculate the greatest common factor of 164991 and 86.
43
What is the greatest common factor of 914 and 1336746022?
914
Calculate the greatest common divisor of 2064 and 1695404.
172
Calculate the highest common divisor of 2030247660 and 10754.
10754
What is the greatest common divisor of 372 and 109938462?
186
What is the greatest common factor of 3062 and 902377524?
3062
What is the highest common factor of 206301114 and 378?
54
What is the highest common divisor of 32 and 1083592?
8
What is the highest common divisor of 67257704 and 184?
184
What is the highest common divisor of 1154853 and 199962?
1449
Calculate the highest common divisor of 1890 and 3135240.
270
Calculate the greatest common divisor of 890 and 3426322.
178
What is the greatest common factor of 74571 and 324996?
1113
Calculate the highest common factor of 5268164 and 16643.
187
Calculate the greatest common factor of 18824448 and 1920.
384
What is the greatest common divisor of 1087898 and 2107490?
1666
Calculate the highest common divisor of 75411 and 12949279.
931
What is the highest common divisor of 81116519 and 2684?
671
What is the highest common factor of 12846166 and 1087256?
11818
Calculate the greatest common divisor of 12160 and 35940.
20
Calculate the greatest common factor of 305148906 and 3942.
1314
What is the highest common factor of 12253059 and 27?
27
What is the highest common factor of 110240372 and 179?
179
Calculate the highest common factor of 34430326 and 17210.
3442
Calculate the greatest common divisor of 783 and 868363443.
783
Calculate the greatest common divisor of 42128418 and 142.
142
What is the greatest common factor of 8930 and 362182?
94
What is the greatest common factor of 43031 and 1887?
37
What is the highest common divisor of 140355763 and 1317?
439
What is the greatest common factor of 3988948 and 3026?
34
What is the greatest common divisor of 622 and 837477283?
311
What is the highest common divisor of 229504954 and 42?
14
Calculate the highest common divisor of 6187 and 101913.
23
What is the highest common factor of 592 and 30870506?
74
What is the greatest common divisor of 505421 and 4984?
7
What is the highest common factor of 9904573 and 11066?
503
Calculate the greatest common divisor of 1391610 and 10538.
22
Calculate the highest common divisor of 1189 and 122016.
41
Calculate the highest common divisor of 23693 and 1308017.
817
Calculate the greatest common factor of 104546340 and 580.
20
What is the greatest common divisor of 1362 and 51861782?
454
What is the greatest common factor of 28381180 and 16?
4
Calculate the highest common divisor of 1436939548 and 8558.
8558
Calculate the greatest common divisor of 525431286 and 7236.
3618
Calculate the greatest common divisor of 1338492 and 34562.
3142
Calculate the highest common factor of 2357597244 and 124.
124
Calculate the highest common divisor of 139 and 4330128.
139
What is the highest common divisor of 29876475 and 525?
75
Calculate the greatest common factor of 87857219 and 41.
41
Calculate the highest common factor of 2295768 and 69.
69
Calculate the greatest common divisor of 1950963 and 97722.
183
Calculate the greatest common factor of 192675149 and 122.
61
Calculate the greatest common factor of 56680330 and 42.
14
Calculate the highest common divisor of 15244 and 6934372.
412
What is the greatest common divisor of 56597